{"id":21,"date":"2023-05-07T08:04:04","date_gmt":"2023-05-07T08:04:04","guid":{"rendered":"https:\/\/christine-zanella.de\/?page_id=21"},"modified":"2024-10-30T19:02:52","modified_gmt":"2024-10-30T19:02:52","slug":"ueber-mich","status":"publish","type":"page","link":"https:\/\/christine-zanella.de\/index.php\/ueber-mich\/","title":{"rendered":"\u00dcber mich"},"content":{"rendered":"\n<style type=\"text\/css\" data-created_by=\"avia_inline_auto\" id=\"style-css-av-limyxtdf-52838aa8baf5ebd4706b9573f606f256\">\n.avia-section.av-limyxtdf-52838aa8baf5ebd4706b9573f606f256{\nbackground-color:#f6f1f3;\nbackground-image:unset;\n}\n<\/style>\n<div id='av_section_1'  class='avia-section av-limyxtdf-52838aa8baf5ebd4706b9573f606f256 main_color avia-section-default avia-no-border-styling  avia-builder-el-0  el_before_av_one_full  avia-builder-el-first  avia-bg-style-scroll container_wrap sidebar_right'  ><div class='container av-section-cont-open' ><main  role=\"main\" itemprop=\"mainContentOfPage\"  class='template-page content  av-content-small alpha units'><div class='post-entry post-entry-type-page post-entry-21'><div class='entry-content-wrapper clearfix'>\n<div  class='flex_column av-1k6xl-58d7ac74a458c99f8a694beddce42ae2 av_one_fourth  avia-builder-el-1  el_before_av_three_fifth  avia-builder-el-first  first no_margin flex_column_div  '     ><style type=\"text\/css\" data-created_by=\"avia_inline_auto\" id=\"style-css-av-lhyt22vh-5d4e15872cd7af569f5187b65226ff1d\">\n.avia-image-container.av-lhyt22vh-5d4e15872cd7af569f5187b65226ff1d img.avia_image{\nbox-shadow:none;\n}\n.avia-image-container.av-lhyt22vh-5d4e15872cd7af569f5187b65226ff1d .av-image-caption-overlay-center{\ncolor:#ffffff;\n}\n<\/style>\n<div  class='avia-image-container av-lhyt22vh-5d4e15872cd7af569f5187b65226ff1d av-styling- avia-align-center  avia-builder-el-2  avia-builder-el-no-sibling '   itemprop=\"image\" itemscope=\"itemscope\" itemtype=\"https:\/\/schema.org\/ImageObject\" ><div class=\"avia-image-container-inner\"><div class=\"avia-image-overlay-wrap\"><img decoding=\"async\" fetchpriority=\"high\" class='wp-image-261 avia-img-lazy-loading-not-261 avia_image ' src=\"https:\/\/christine-zanella.de\/wp-content\/uploads\/2023\/05\/persoenlich-142x300.jpg\" alt='' title='pers\u00f6nlich'  height=\"300\" width=\"142\"  itemprop=\"thumbnailUrl\" srcset=\"https:\/\/christine-zanella.de\/wp-content\/uploads\/2023\/05\/persoenlich-142x300.jpg 142w, https:\/\/christine-zanella.de\/wp-content\/uploads\/2023\/05\/persoenlich-488x1030.jpg 488w, https:\/\/christine-zanella.de\/wp-content\/uploads\/2023\/05\/persoenlich-334x705.jpg 334w, https:\/\/christine-zanella.de\/wp-content\/uploads\/2023\/05\/persoenlich.jpg 502w\" sizes=\"(max-width: 142px) 100vw, 142px\" \/><\/div><\/div><\/div><\/div><div  class='flex_column av-yhg9-eb34bf02eee6c9e37633ae42568a39bf av_three_fifth  avia-builder-el-3  el_after_av_one_fourth  avia-builder-el-last  no_margin flex_column_div  '     ><p>\n<style type=\"text\/css\" data-created_by=\"avia_inline_auto\" id=\"style-css-av-m2mxb2wx-a29cf07a1298772c0fd5499f1375c762\">\n#top .av-special-heading.av-m2mxb2wx-a29cf07a1298772c0fd5499f1375c762{\npadding-bottom:10px;\n}\nbody .av-special-heading.av-m2mxb2wx-a29cf07a1298772c0fd5499f1375c762 .av-special-heading-tag .heading-char{\nfont-size:25px;\n}\n.av-special-heading.av-m2mxb2wx-a29cf07a1298772c0fd5499f1375c762 .av-subheading{\nfont-size:15px;\n}\n<\/style>\n<div  class='av-special-heading av-m2mxb2wx-a29cf07a1298772c0fd5499f1375c762 av-special-heading-h2 custom-color-heading blockquote modern-quote  avia-builder-el-4  el_before_av_textblock  avia-builder-el-first '><h2 class='av-special-heading-tag '  itemprop=\"headline\"  >Bilder als Botschaft<\/h2><div class=\"special-heading-border\"><div class=\"special-heading-inner-border\"><\/div><\/div><\/div><br \/>\n<section  class='av_textblock_section av-lhytba9j-102d455890d5e0b9213a532b93e8f95c '   itemscope=\"itemscope\" itemtype=\"https:\/\/schema.org\/CreativeWork\" ><div class='avia_textblock'  itemprop=\"text\" ><p>&#8222;Licht-Liebe-Heiterkeit&#8220; ist unser Urzustand, den wir immer in uns tragen und der nie verloren gehen kann. Dieser Zustand ist in uns, und er ist als sozusagen &#8222;immerdaseiender&#8220; tiefer und kr\u00e4ftiger als alles andere, das wir im Sein der Dualit\u00e4t erlernen, erfahren und empfinden. Er kann auch einmal versch\u00fcttet sein, aber nie verloren gehen. Auch die Erinnerung ist und wirkt in uns, sodass wir letztendlich doch genau das gerne leben &#8211; \u201cLiebe-Friede-Heiterkeit\u201c. Es bedeutet letztendlich nichts anderes als Selbstverwirklichung. Und &#8211; wir sind alle ungetrennt.<\/p>\n<p>Im Herbst 2010 hatte ich ganz unverhofft ein unvergessliches Lichterlebnis, das ich im Anschluss daran malerisch auszudr\u00fccken versuchte. Es ist mir bis heute ein Bed\u00fcrfnis, vom erlebten Gl\u00fcck bildnerisch zu erz\u00e4hlen. Meine Bilder verstehe ich als Botschaft.<\/p>\n<\/div><\/section><\/p><\/div><\/div><\/div><\/main><!-- close content main element --><\/div><\/div><div id='after_section_1'  class='main_color av_default_container_wrap container_wrap sidebar_right'  ><div class='container av-section-cont-open' ><div class='template-page content  av-content-small alpha units'><div class='post-entry post-entry-type-page post-entry-21'><div class='entry-content-wrapper clearfix'><div class='flex_column_table av-m2mxtkfb-394bcd3820d6f0c2c7fcbfcefce5acda sc-av_one_full av-equal-height-column-flextable'>\n<style type=\"text\/css\" data-created_by=\"avia_inline_auto\" id=\"style-css-av-m2mxtkfb-394bcd3820d6f0c2c7fcbfcefce5acda\">\n.flex_column.av-m2mxtkfb-394bcd3820d6f0c2c7fcbfcefce5acda{\nwidth:100%;\nmargin-left:0;\nborder-width:1px;\nborder-color:#9d4769;\nborder-style:dashed;\n}\n#top .flex_column_table.av-equal-height-column-flextable.av-m2mxtkfb-394bcd3820d6f0c2c7fcbfcefce5acda .av-flex-placeholder{\nwidth:0%;\n}\n<\/style>\n<div  class='flex_column av-m2mxtkfb-394bcd3820d6f0c2c7fcbfcefce5acda av_one_full  avia-builder-el-6  el_after_av_section  el_before_av_three_fifth  avia-builder-el-first  first flex_column_table_cell av-equal-height-column av-align-top  '     ><style type=\"text\/css\" data-created_by=\"avia_inline_auto\" id=\"style-css-av-limyosmn-523e05cb9c2f88f37756b4c6e5f0b4c5\">\n#top .av_textblock_section.av-limyosmn-523e05cb9c2f88f37756b4c6e5f0b4c5 .avia_textblock{\nfont-size:24px;\ncolor:#9d4769;\ntext-align:center;\n}\n<\/style>\n<section  class='av_textblock_section av-limyosmn-523e05cb9c2f88f37756b4c6e5f0b4c5 '   itemscope=\"itemscope\" itemtype=\"https:\/\/schema.org\/CreativeWork\" ><div class='avia_textblock av_inherit_color'  itemprop=\"text\" ><p style=\"text-align: center;\">Lichter Friede ist<\/p>\n<p style=\"text-align: center;\">Anfangslos und ewiglich<\/p>\n<p style=\"text-align: center;\">In uns geborgen<\/p>\n<\/div><\/section><\/div><\/div><!--close column table wrapper. Autoclose: 1 --><\/p>\n<div  class='flex_column av-limyoi0g-19885130119d687805d4568a42d3eb22 av_three_fifth  avia-builder-el-8  el_after_av_one_full  avia-builder-el-last  first flex_column_div  column-top-margin'     ><p>\n<style type=\"text\/css\" data-created_by=\"avia_inline_auto\" id=\"style-css-av-m2mxonxl-94116dafacae1cf14eb5861182b70402\">\n#top .av-special-heading.av-m2mxonxl-94116dafacae1cf14eb5861182b70402{\npadding-bottom:10px;\n}\nbody .av-special-heading.av-m2mxonxl-94116dafacae1cf14eb5861182b70402 .av-special-heading-tag .heading-char{\nfont-size:25px;\n}\n.av-special-heading.av-m2mxonxl-94116dafacae1cf14eb5861182b70402 .av-subheading{\nfont-size:15px;\n}\n<\/style>\n<div  class='av-special-heading av-m2mxonxl-94116dafacae1cf14eb5861182b70402 av-special-heading-h3 blockquote modern-quote  avia-builder-el-9  el_before_av_textblock  avia-builder-el-first '><h3 class='av-special-heading-tag '  itemprop=\"headline\"  >Vita<\/h3><div class=\"special-heading-border\"><div class=\"special-heading-inner-border\"><\/div><\/div><\/div><br \/>\n<section  class='av_textblock_section av-m2mxo1u6-f0ddab0140fad90dde140430b799be56 '   itemscope=\"itemscope\" itemtype=\"https:\/\/schema.org\/CreativeWork\" ><div class='avia_textblock'  itemprop=\"text\" ><p>Geb. 2.3.1961, Kindheit in Sch\u00f6nberg, Bayerischer Wald<\/p>\n<p>1977 Kunstpreis der Deutschen Bank (1.Preis)<\/p>\n<p>1978 Schulabschluss, Staatliche Realschule Passau, musisch-sozialer Zweig<\/p>\n<p>1978 Sommeraufenthalt mit Lehrstunden bei dem K\u00fcnstlerehepaar Marlene und Karl Reidel, Obergangkofen<\/p>\n<p>1980 ab, selbst\u00e4ndig im Kunsthandel<\/p>\n<p>1998 Zeichenkurs bei Prof. Karl Schleinkofer<\/p>\n<p>2001 Geburt der Tochter Lucia<\/p>\n<p>2003 Gemeinschaftsausstellung, Galerie am Steinweg, Passau<\/p>\n<p>2008 Gemeinschaftsausstellung, Kapuzinerstadel, Deggendorf<\/p>\n<p>2009 Gemeinschaftsausstellung, Burgruine Wei\u00dfenstein<\/p>\n<p>2009 Malkurs bei Manfred von Linprun<\/p>\n<p>2010 Gemeinschaftsausstellung, Kulturmodell, Passau<\/p>\n<p>2011 Ausstellung, Kunsthandel Zanella, Passau<\/p>\n<p>2012 Er\u00f6ffnung von Atelier\/Galerie Lichtraum, Passau<\/p>\n<p>2013\/14 Gemeinschaftsausstellung, Buntspecht, Zwiesel<\/p>\n<p>2015 Gemeinschaftsausstellung, Haus der Natur, Kultur, Kunst und Jugend, Waldkirchen<\/p>\n<p>2022 K\u00fcnstleraustausch Malaga, Spanien<\/p>\n<p>Seit 2012 Dauerausstellung Atelier\/Galerie Lichtraum, Passau<\/p>\n<p><em>Meine Werke befinden sich in \u00f6ffentlichen und privaten Sammlungen weltweit, Deutschland, \u00d6sterreich, Schweiz, Italien, Frankreich, Spanien, U.S.A., China, Schweden, Australien, Niederlande, Luxemburg, Belgien, Portugal, Tschechien, Polen, Kanada, Finnland, Singapur, Taiwan, Japan.<\/em><\/p>\n<\/div><\/section><\/p><\/div>\n","protected":false},"excerpt":{"rendered":"","protected":false},"author":2,"featured_media":0,"parent":0,"menu_order":0,"comment_status":"closed","ping_status":"closed","template":"","meta":{"footnotes":""},"class_list":["post-21","page","type-page","status-publish","hentry"],"yoast_head":"<!-- This site is optimized with the Yoast SEO plugin v27.4 - https:\/\/yoast.com\/product\/yoast-seo-wordpress\/ -->\n<title>\u00dcber mich - Lichtraum<\/title>\n<meta name=\"robots\" content=\"index, follow, max-snippet:-1, max-image-preview:large, max-video-preview:-1\" \/>\n<link rel=\"canonical\" href=\"https:\/\/christine-zanella.de\/index.php\/ueber-mich\/\" \/>\n<meta property=\"og:locale\" content=\"de_DE\" \/>\n<meta property=\"og:type\" content=\"article\" \/>\n<meta property=\"og:title\" content=\"\u00dcber mich - Lichtraum\" \/>\n<meta property=\"og:url\" content=\"https:\/\/christine-zanella.de\/index.php\/ueber-mich\/\" \/>\n<meta property=\"og:site_name\" content=\"Lichtraum\" \/>\n<meta property=\"article:modified_time\" content=\"2024-10-30T19:02:52+00:00\" \/>\n<meta name=\"twitter:card\" content=\"summary_large_image\" \/>\n<meta name=\"twitter:label1\" content=\"Gesch\u00e4tzte Lesezeit\" \/>\n\t<meta name=\"twitter:data1\" content=\"2\u00a0Minuten\" \/>\n<script type=\"application\/ld+json\" class=\"yoast-schema-graph\">{\"@context\":\"https:\\\/\\\/schema.org\",\"@graph\":[{\"@type\":\"WebPage\",\"@id\":\"https:\\\/\\\/christine-zanella.de\\\/index.php\\\/ueber-mich\\\/\",\"url\":\"https:\\\/\\\/christine-zanella.de\\\/index.php\\\/ueber-mich\\\/\",\"name\":\"\u00dcber mich - Lichtraum\",\"isPartOf\":{\"@id\":\"https:\\\/\\\/christine-zanella.de\\\/#website\"},\"datePublished\":\"2023-05-07T08:04:04+00:00\",\"dateModified\":\"2024-10-30T19:02:52+00:00\",\"breadcrumb\":{\"@id\":\"https:\\\/\\\/christine-zanella.de\\\/index.php\\\/ueber-mich\\\/#breadcrumb\"},\"inLanguage\":\"de\",\"potentialAction\":[{\"@type\":\"ReadAction\",\"target\":[\"https:\\\/\\\/christine-zanella.de\\\/index.php\\\/ueber-mich\\\/\"]}]},{\"@type\":\"BreadcrumbList\",\"@id\":\"https:\\\/\\\/christine-zanella.de\\\/index.php\\\/ueber-mich\\\/#breadcrumb\",\"itemListElement\":[{\"@type\":\"ListItem\",\"position\":1,\"name\":\"Startseite\",\"item\":\"https:\\\/\\\/christine-zanella.de\\\/\"},{\"@type\":\"ListItem\",\"position\":2,\"name\":\"\u00dcber mich\"}]},{\"@type\":\"WebSite\",\"@id\":\"https:\\\/\\\/christine-zanella.de\\\/#website\",\"url\":\"https:\\\/\\\/christine-zanella.de\\\/\",\"name\":\"Lichtraum\",\"description\":\"\",\"potentialAction\":[{\"@type\":\"SearchAction\",\"target\":{\"@type\":\"EntryPoint\",\"urlTemplate\":\"https:\\\/\\\/christine-zanella.de\\\/?s={search_term_string}\"},\"query-input\":{\"@type\":\"PropertyValueSpecification\",\"valueRequired\":true,\"valueName\":\"search_term_string\"}}],\"inLanguage\":\"de\"}]}<\/script>\n<!-- \/ Yoast SEO plugin. -->","yoast_head_json":{"title":"\u00dcber mich - Lichtraum","robots":{"index":"index","follow":"follow","max-snippet":"max-snippet:-1","max-image-preview":"max-image-preview:large","max-video-preview":"max-video-preview:-1"},"canonical":"https:\/\/christine-zanella.de\/index.php\/ueber-mich\/","og_locale":"de_DE","og_type":"article","og_title":"\u00dcber mich - Lichtraum","og_url":"https:\/\/christine-zanella.de\/index.php\/ueber-mich\/","og_site_name":"Lichtraum","article_modified_time":"2024-10-30T19:02:52+00:00","twitter_card":"summary_large_image","twitter_misc":{"Gesch\u00e4tzte Lesezeit":"2\u00a0Minuten"},"schema":{"@context":"https:\/\/schema.org","@graph":[{"@type":"WebPage","@id":"https:\/\/christine-zanella.de\/index.php\/ueber-mich\/","url":"https:\/\/christine-zanella.de\/index.php\/ueber-mich\/","name":"\u00dcber mich - Lichtraum","isPartOf":{"@id":"https:\/\/christine-zanella.de\/#website"},"datePublished":"2023-05-07T08:04:04+00:00","dateModified":"2024-10-30T19:02:52+00:00","breadcrumb":{"@id":"https:\/\/christine-zanella.de\/index.php\/ueber-mich\/#breadcrumb"},"inLanguage":"de","potentialAction":[{"@type":"ReadAction","target":["https:\/\/christine-zanella.de\/index.php\/ueber-mich\/"]}]},{"@type":"BreadcrumbList","@id":"https:\/\/christine-zanella.de\/index.php\/ueber-mich\/#breadcrumb","itemListElement":[{"@type":"ListItem","position":1,"name":"Startseite","item":"https:\/\/christine-zanella.de\/"},{"@type":"ListItem","position":2,"name":"\u00dcber mich"}]},{"@type":"WebSite","@id":"https:\/\/christine-zanella.de\/#website","url":"https:\/\/christine-zanella.de\/","name":"Lichtraum","description":"","potentialAction":[{"@type":"SearchAction","target":{"@type":"EntryPoint","urlTemplate":"https:\/\/christine-zanella.de\/?s={search_term_string}"},"query-input":{"@type":"PropertyValueSpecification","valueRequired":true,"valueName":"search_term_string"}}],"inLanguage":"de"}]}},"_links":{"self":[{"href":"https:\/\/christine-zanella.de\/index.php\/wp-json\/wp\/v2\/pages\/21","targetHints":{"allow":["GET"]}}],"collection":[{"href":"https:\/\/christine-zanella.de\/index.php\/wp-json\/wp\/v2\/pages"}],"about":[{"href":"https:\/\/christine-zanella.de\/index.php\/wp-json\/wp\/v2\/types\/page"}],"author":[{"embeddable":true,"href":"https:\/\/christine-zanella.de\/index.php\/wp-json\/wp\/v2\/users\/2"}],"replies":[{"embeddable":true,"href":"https:\/\/christine-zanella.de\/index.php\/wp-json\/wp\/v2\/comments?post=21"}],"version-history":[{"count":42,"href":"https:\/\/christine-zanella.de\/index.php\/wp-json\/wp\/v2\/pages\/21\/revisions"}],"predecessor-version":[{"id":911,"href":"https:\/\/christine-zanella.de\/index.php\/wp-json\/wp\/v2\/pages\/21\/revisions\/911"}],"wp:attachment":[{"href":"https:\/\/christine-zanella.de\/index.php\/wp-json\/wp\/v2\/media?parent=21"}],"curies":[{"name":"wp","href":"https:\/\/api.w.org\/{rel}","templated":true}]}}